Is 408 a factor of 1273?
False
Is 825 a multiple of 15?
True
Is 103 a factor of 4994?
False
Is 56 a factor of 42896?
True
Is 1104 a multiple of 26?
False
Is 1490 a multiple of 52?
False
Does 42 divide 3952?
False
Is 1709 a multiple of 59?
False
Does 17 divide 26316?
True
Is 188 a multiple of 4?
True
Does 9 divide 2229?
False
Does 3 divide 4518?
True
Does 3 divide 379?
False
Is 54 a factor of 4752?
True
Is 6921 a multiple of 3?
True
Is 2318 a multiple of 19?
True
Is 115 a multiple of 5?
True
Is 3629 a multiple of 191?
True
Is 260 even?
True
Is 42 a factor of 13042?
False
Is 85175 a multiple of 265?
False
Is 17555 a multiple of 26?
False
Is 2424 a multiple of 202?
True
Is 820 a multiple of 5?
True
Is 14 a factor of 10948?
True
Does 6 divide 2672?
False
Is 26 a factor of 15262?
True
Is 1221 a multiple of 11?
True
Does 24 divide 6812?
False
Is 29682 a multiple of 18?
True
Is 41 a factor of 2870?
True
Does 7 divide 20686?
False
Is 7620 a multiple of 97?
False
Does 17 divide 612?
True
Is 8 a factor of 22568?
True
Does 12 divide 56340?
True
Is 1563 a multiple of 17?
False
Is 110 a factor of 10708?
False
Is 21797 a multiple of 33?
False
Does 66 divide 4216?
False
Is 23 a factor of 9614?
True
Does 42 divide 5416?
False
Is 123 a factor of 41530?
False
Does 52 divide 17524?
True
Does 6 divide 930?
True
Does 56 divide 2285?
False
Is 20 a factor of 8040?
True
Does 61 divide 14565?
False
Is 13 a factor of 1222?
True
Is 3876 a multiple of 19?
True
Is 17 a factor of 6919?
True
Does 36 divide 792?
True
Is 11 a factor of 154?
True
Is 36 a factor of 926?
False
Does 10 divide 830?
True
Does 38 divide 1862?
True
Is 24 a multiple of 2?
True
Is 23 a factor of 11345?
False
Is 15 a factor of 171?
False
Does 11 divide 398?
False
Does 18 divide 5256?
True
Does 36 divide 4680?
True
Is 5068 a multiple of 53?
False
Is 6 a factor of 2526?
True
Is 9 a factor of 846?
True
Does 14 divide 1302?
True
Is 10698 a multiple of 12?
False
Is 495 a multiple of 13?
False
Is 36 a factor of 360?
True
Is 218 a factor of 78771?
False
Does 63 divide 22428?
True
Is 25 a multiple of 5?
True
Does 7 divide 69702?
False
Is 7226 a multiple of 18?
False
Is 97 a factor of 1111?
False
Is 3712 a multiple of 8?
True
Is 336 a multiple of 42?
True
Is 8574 a multiple of 21?
False
Does 47 divide 5922?
True
Is 650 a multiple of 12?
False
Does 33 divide 7887?
True
Is 36 a factor of 6444?
True
Does 2 divide 2967?
False
Is 30 a factor of 630?
True
Is 31216 a multiple of 58?
False
Is 16 a factor of 3455?
False
Does 61 divide 48312?
True
Does 2 divide 174?
True
Does 82 divide 2095?
False
Is 12 a factor of 456?
True
Is 85 a multiple of 2?
False
Is 2410 a multiple of 32?
False
Is 99 a multiple of 3?
True
Is 23230 a multiple of 23?
True
Is 3270 a multiple of 6?
True
Is 34 a factor of 206176?
True
Is 42173 a multiple of 181?
True
Does 10 divide 1400?
True
Does 422 divide 66676?
True
Does 14 divide 2100?
True
Is 62907 a multiple of 39?
True
Is 28691 a multiple of 12?
False
Is 28 a multiple of 14?
True
Does 24 divide 3148?
False
Does 11 divide 265?
False
Is 42 a factor of 2814?
True
Is 951 a multiple of 16?
False
Is 29 a factor of 3426?
False
Is 2 a factor of 35?
False
Is 34668 a multiple of 13?
False
Is 336 a multiple of 28?
True
Is 50 a factor of 1900?
True
Does 19 divide 31619?
False
Does 50 divide 800?
True
Does 162 divide 47571?
False
Does 22 divide 5060?
True
Is 26 a factor of 3406?
True
Does 38 divide 863?
False
Does 24 divide 288?
True
Does 26 divide 11648?
True
Is 64 a factor of 640?
True
Does 43 divide 1462?
True
Is 192 a factor of 50204?
False
Is 19 a factor of 48773?
True
Is 50 a factor of 2450?
True
Is 109562 a multiple of 49?
False
Is 19 a factor of 3476?
False
Does 10 divide 25?
False
Does 11 divide 36443?
True
Is 1868 a multiple of 30?
False
Is 4075 a multiple of 5?
True
Is 17 a factor of 1170?
False
Does 9 divide 6331?
False
Is 410 a multiple of 10?
True
Does 25 divide 110375?
True
Is 7 a factor of 12107?
False
Is 759 a multiple of 69?
True
Does 2 divide 721?
False
Does 50 divide 5624?
False
Is 3726 a multiple of 73?
False
Is 3 a factor of 11426?
False
Is 30 a factor of 510?
True
Is 26664 a multiple of 88?
True
Is 9 a factor of 1620?
True
Is 600 a multiple of 30?
True
Is 44 a factor of 13736?
False
Is 54 a factor of 918?
True
Is 1445 a multiple of 80?
False
Is 25 a factor of 1875?
True
Does 7 divide 14126?
True
Does 8 divide 64?
True
Does 12 divide 42528?
True
Is 19894 a multiple of 49?
True
Does 48 divide 23306?
False
Is 300 a multiple of 12?
True
Is 127 a factor of 1905?
True
Is 8 a factor of 439?
False
Does 62 divide 21824?
True
Is 24 a factor of 297?
False
Does 17 divide 430?
False
Does 10 divide 8520?
True
Does 16 divide 3591?
False
Is 38870 a multiple of 130?
True
Does 22 divide 1277?
False
Is 19 a factor of 1610?
False
Is 10 a factor of 8465?
False
Is 36632 a multiple of 38?
True
Is 15 a factor of 256?
False
Does 2 divide 316?
True
Does 5 divide 5814?
False
Is 6 a factor of 231?
False
Does 2 divide 1509?
False
Is 22 a factor of 17160?
True
Is 13 a factor of 82?
False
Does 4 divide 194?
False
Is 3 a factor of 16029?
True
Does 20 divide 1368?
False
Is 42 a factor of 16779?
False
Is 492 a multiple of 41?
True
Is 4900 a multiple of 100?
True
Does 25 divide 56725?
True
Does 49 divide 215?
False
Is 23 a factor of 25021?
False
Does 27 divide 3996?
True
Is 468 a multiple of 26?
True
Does 54 divide 6912?
True
Is 7 a factor of 245?
True
Is 60 a factor of 60725?
False
Is 1209 a multiple of 13?
True
Is 224 a multiple of 32?
True
Does 31 divide 29388?
True
Is 52 a factor of 1328?
False
Is 7 a factor of 792?
False
Is 8492 a multiple of 7?
False
Is 2394 a multiple of 35?
False
Does 237 divide 26544?
True
Is 13094 a multiple of 138?
False
Does 17 divide 2799?
False
Is 8 a multiple of 4?
True
Does 260 divide 29380?
True
Is 54630 a multiple of 85?
False
Is 1598 a multiple of 17?
True
Is 9380 a multiple of 20?
True
Is 83 a multiple of 19?
False
Is 504 a multiple of 6?
True
Does 9 divide 168?
False
Is 13627 a multiple of 86?
False
Does 12 divide 3259?
False
Does 5 divide 89?
False
Is 2507 a multiple of 109?
True
Is 114 a factor of 11220?
False
Is 1298 a multiple of 7?
False
Does 8 divide 2128?
True
Does 28 divide 364?
True
Does 8 divide 25592?
True
Is 99 even?
False
Is 11 a factor of 128?
False
Is 222 a multiple of 11?
False
Does 113 divide 29267?
True
Is 492 a multiple of 10?
False
Is 32 a factor of 952?
False
Is 635 a multiple of 5?
True
Is 13 a factor of 780?
True
Is 10 a factor of 583?
False
Is 25989 a multiple of 16?
False
Does 26 divide 892?
False
Is 1614 a multiple of 85?
False
Is 864 a multiple of 8?
True
Is 565 a multiple of 8?
False
Does 9 divide 3465?
True
Is 30 a factor of 1683?
False
Is 2518 a multiple of 27?
False
Does 80 divide 40560?
True
Does 8 divide 327?
False
Is 194 a factor of 17947?
False
Is 22 a factor of 639?
False
Does 13 divide 103441?
True
Does 2 divide 1679?
False
Does 89 divide 3355?
False
Is 312 a multiple of 13?
True
Does 17 divide 1009?
False
Does 23 divide 4028?
False
Is 5 a factor of 700?
True
Is 43 a factor of 172?
True
Is 38312 a multiple of 35?
False
Is 187 a factor of 19822?
True
Is 16 a factor of 29952?
True
Is 8417 a multiple of 59?
False
Does 28 divide 29495?
False
Is 20 a factor of 415?
False
Is 16 a factor of 2736?
True
Does 10 divide 1810?
True
Is 27 a factor of 756?
True
Is 12738 a multiple of 65?
False
Is 25015 a multiple of 67?
False
Is 10696 a multiple of 28?
True
Is 8 a factor of 120?
True
Is 819 a multiple of 21?
True
Is 5 a factor of 3395?
True
Does 4 divide 167?
False
Is 306 a multiple of 17?
True
Is 29 a factor of 522?
True
Is 7 a factor of 1118?
False
Is 43632 a multiple of 66?
False
Is 63 a multiple of 21?
True
Does 4 divide 11468?
True
Is 102 a multiple of 15?
False
Is 24 a factor of 76?
False
Is 16079 a multiple of 94?
False
Is 18 a factor of 126?
True
Does 142 divide 22820?
False
Is 108 a multiple of 12?
True
Is 93618 a multiple of 13?
False
Does 3 divide 18894?
True
Does 74 divide 4662?
True
Is 490 a multiple of 49?
True
Does 27 divide 1563?
False
Is 153 a multiple of 5?
False
Is 14 a factor of 3654?
True
Is 92 a multiple of 3?
False
Is 4245 a multiple of 56?
False
Is 129 a factor of 50181?
True
Is 23 a factor of 115?
True
Is 1953 a multiple of 7?
Tru